(-3)/c*(-40)/(-15)?
4
Suppose -v = -4*v + 39. Suppose -4*f + v - 65 = -4*y, -4*y + 5*f = -53. What is the tens digit of y?
1
Suppose 6*u - 907 = 773. What is the hundreds digit of u?
2
Suppose -3*d + 138 = 2*i, -2*i + 68 = -i + d. What is the units digit of i?
6
Let y(k) = 3*k**2 - 2*k - 3. Suppose -4*z = z - 20. What is the tens digit of y(z)?
3
Suppose -6 = -b - w, b - 9 = 2*b - 4*w. What is the units digit of b/(5 + -2) - -12?
3
Let v = -2 - -6. Suppose 10 = -o - v*o + 2*s, -20 = -5*o - 4*s. Suppose o = 3*q - 2 - 37. What is the tens digit of q?
1
Suppose 3 = w + 9. Let j = w - -28. What is the units digit of j?
2
Suppose h = -h - 6. Let s be h*(0 - -1) - 1. What is the units digit of 1*(-21)/12*s?
7
Suppose -3 = -3*t + 3. Let s(p) = 2*p**2 - p - 1. Let i be s(t). What is the units digit of ((-4)/14)/(i/(-35))?
2
Suppose 0 = 4*i - 9*i + 40. Let o be (7/4)/(2/i). Let m(f) = f - 5. What is the units digit of m(o)?
2
Suppose -17 - 3 = -5*s. Let l = s + -1. What is the units digit of l?
3
Let h be 2*1/5*-40. Let g = h + 38. What is the tens digit of g?
2
Suppose -2*l + 5 - 1 = 0. Let j = 18 - l. What is the tens digit of j?
1
Let f = 30 + 78. What is the hundreds digit of f?
1
Suppose x + 2*k - 48 = -3*x, -3*x + 45 = -3*k. What is the units digit of x?
3
Let v(j) = 19*j**3 + j. Let x be v(1). Let l be (4/(-14))/(3/(-21)). What is the units digit of ((-3)/(-2))/(l/x)?
5
Suppose 6 = 4*t - 2*q - 0*q, 12 = -t - 4*q. Suppose -3*d - 3*z = 0, 5*d - 14 = -t*d + 2*z. Suppose -3*l = -d*l - 2. What is the units digit of l?
2
Suppose -156 = -3*w - 0*c - 3*c, 5*w - 260 = -2*c. What is the tens digit of w?
5
Suppose 2*v - 25 = 7*v. What is the units digit of ((-6)/(-8))/(v/(-20))?
3
Suppose 2*q - 110 = 2*d, 6*q - 2*q - 3*d - 217 = 0. What is the tens digit of q?
5
Let y = -1 + 2. Let m(w) = y - 2*w**2 + w**2 - 3*w + 0*w. What is the units digit of m(-3)?
1
Let f(y) = -y**2 - 12*y - 6. What is the tens digit of f(-9)?
2
Suppose -5*j - t - 61 = -5*t, -5*j - 3*t = 33. Let g be 38/j + 6/27. Let w = -1 - g. What is the units digit of w?
3
Let b = 5 + -3. Suppose i + b*i - 33 = 0. What is the units digit of i?
1
Suppose c - 4*p - 13 = 4, c - 5*p = 15. Let g = -14 + c. What is the units digit of g?
1
Suppose 33 = -5*o + 8*o. Let j be 38/6*(-8 + o). Suppose j = 4*p + 7. What is the units digit of p?
3
Suppose -3*x + 2*y + 20 = 0, 0 = 5*y + 20 - 0. Suppose h + 14 = s - x*h, -4*h - 154 = -5*s. What is the tens digit of s?
3
Let v be -2 + 1 - (-2 + 4). Let b be 1*-1 - (v - 2). Suppose -31 = -5*i - b*t + 10, -3*i = -t - 11. What is the units digit of i?
5
Suppose -2*r + 3*u = -2*u + 16, -5*r - 5*u = -30. What is the units digit of r?
2
Suppose 0 = -s - 2*u + 8 + 20, -u - 31 = -2*s. Let z = 27 - s. What is the units digit of z?
9
Suppose -4*h + 1 = -3*h. What is the tens digit of h/4 - 79/(-4)?
2
Let v = -13 - -27. Suppose 36 = 4*p - 4*s, s + 0*s = 2*p - v. What is the units digit of p?
5
What is the tens digit of (6/(-4))/(6/(-176))?
4
What is the units digit of 951/27 - (-4)/(-18)?
5
Let f(d) = d - 2. Let p be f(5). Suppose 0 = 3*z - 7*z - 28. What is the units digit of (-1)/p - z/3?
2
Suppose 0 = h - 8 - 22. What is the tens digit of h?
3
Suppose 653 - 21 = 4*n. What is the units digit of n?
8
Suppose 0 = -2*h - 70 - 8. Let k = 57 + h. What is the units digit of k?
8
Let f(l) = -l**3 - 7*l**2 - 6*l + 4. Let t be f(-6). Suppose 5*r - 1 = t. What is the units digit of r?
1
Suppose 3*r - 4*r + 165 = 0. What is the tens digit of r?
6
Let h(b) = -b**3 + b - 10. Let l be h(0). Let r be (-17)/(-2) + 15/l. Suppose 4*d + q = r, -2*d - 2*d - 4*q + 16 = 0. What is the units digit of d?
1
What is the tens digit of 130 + (1 + -1 - -3)?
3
Let d(c) be the second derivative of c**3/6 - c**2/2 - c. Let z = 1 + 3. What is the units digit of d(z)?
3
Suppose p = 5*r - 2*p - 8797, 3*r = 5*p + 5275. Suppose -3*h = -r + 482. What is the tens digit of h/30 - 2/10?
1
Let n = 16 + -12. What is the units digit of n?
4
Let p be 2/(-8) + 10/8. Suppose -9 - p = -2*x. Suppose -10 - 28 = -4*u + 2*l, -49 = -x*u + 3*l. What is the units digit of u?
8
Let s(a) = 3*a**2 - 5*a + 11. What is the units digit of s(4)?
9
Suppose 3*m - 4*m = 2*u - 209, u - m - 106 = 0. What is the tens digit of u?
0
Let s = -14 + 31. What is the units digit of s?
7
Suppose 3 = -3*h, 0*k - 19 = -5*k - h. Suppose -3*t + 46 - 8 = k*g, -t - 2*g + 12 = 0. Let i = -8 + t. What is the units digit of i?
6
Suppose 0 = 4*t - 16 + 56. What is the tens digit of 10/t + 26 + -1?
2
Suppose -4*g + 266 - 2 = 0. Let z = g + -38. What is the units digit of z?
8
Suppose 224 = r + 3*r. Suppose 0*k = k + 4*a + 3, 4*k - a - r = 0. What is the units digit of k?
3
Let w = -162 - -270. What is the tens digit of w?
0
Suppose -3*c - 5*q = 22, 2*c + 2*q + 12 = 4*c. Let b(x) = -c + 0*x**2 - x**2 - 1 + 5*x. What is the units digit of b(4)?
2
Let n(i) = -4*i. Let f be n(6). What is the units digit of (-12)/30 - f/10?
2
Let f(x) = 2*x + 67. Let r be f(0). Let k = -28 + r. What is the tens digit of k?
3
Let x be (-5 - 0)/(-1) - 3. Suppose 4 + 4 = x*q. What is the units digit of q?
4
Let g(l) = 0*l + 5*l - l - 1 - l. Suppose 3*t - 10 = -2*t. What is the units digit of g(t)?
5
Suppose -u + b = 1, -b - 3 = -6. Let p be (-2)/3 + u/3. Suppose 0 = 2*j + s - 25, 3*j - 4*s = -p*j + 32. What is the units digit of j?
2
Let q = 0 + -8. Let k = q + 12. What is the units digit of k?
4
Let y(f) = f**3 + 5*f**2 + 3*f - 3. Let w be y(-4). Let g = 0 - w. What is the units digit of (g + -3)*(-4)/16?
1
Suppose 8 + 13 = 3*w. Suppose 3*y + 4 = w*y. What is the units digit of y?
1
Let q(c) = -c**2 + 9*c - 6. Let a be q(8). Suppose 2*l = -p + 6, 0 = a*p - 4*l + 9 + 3. Suppose s = 2 - p. What is the units digit of s?
2
Let s = -2 + 2. Suppose -2*f + s*f = -4. Suppose -12 = -f*o + 12. What is the tens digit of o?
1
Let p(g) be the third derivative of -g**5/60 - 11*g**4/24 + g**3 - 3*g**2. Let h be p(-8). Suppose -7*x + h = -2*x. What is the units digit of x?
6
Let s be 6/8 - (-4)/16. What is the units digit of (-2 + 2 + 21)*s?
1
What is the units digit of -4 + (12 - -4) - 4?
8
Let y(r) = r**3 + 5*r**2 + 3*r - 1. What is the units digit of y(-4)?
3
What is the hundreds digit of 3/(-15) - (-2962)/10?
2
Suppose i - 4 = 2*a, 0 = 2*a + a + 2*i + 6. Let g = 13 + a. What is the units digit of g?
1
What is the tens digit of (2/(-6))/((-7970)/2655 - -3)?
7
Suppose -4*j + 0 + 16 = 0. Suppose -v = -t + 2, -5*v - 13 = -j*t + 1. What is the tens digit of (-20)/3*(v - -3)?
2
Let l be (2/3)/(3/9). Let j(q) = 2*q**2 - 2. Let y be j(l). Suppose -n - z = -y*z - 3, 43 = 5*n + 3*z. What is the units digit of n?
8
Let w(t) = -t**3 + 26. Suppose -4*l = -l. What is the units digit of w(l)?
6
Suppose 0 = 4*k - t - 3*t - 600, -k = t - 148. What is the units digit of k?
9
What is the tens digit of (-2930)/(-14) - -1*14/(-49)?
0
Suppose 0 = 3*h - 5*b - 16, -2*b - 3*b = -h + 12. Suppose s = -2*s. Suppose s = -l + 2*v - 3 - 3, -h*v + 22 = 3*l. What is the units digit of l?
4
What is the hundreds digit of (-2 + (-15)/(-9))*(-7 - 338)?
1
Suppose 8*n - 3*n = 0. Suppose -3*p + 9 = -n*p. Suppose 4*i = -3*b + 38 - 11, 0 = -p*b + 4*i + 27. What is the units digit of b?
9
Let y(k) = 4*k - 1. Suppose -3*d = 2*b - 5, 0 = 5*b - 3*d - 3 + 1. What is the units digit of y(b)?
3
Let q(m) = -3*m + 1. Let x(n) = -n - 1. Let t(w) = q(w) + 2*x(w). What is the tens digit of t(-3)?
1
Let t = 5 - 4. Suppose 0 = -4*u + 2*v + 14, -v = u - 1 - t. Suppose u*n - 38 = n. What is the tens digit of n?
1
Let i = -14 - -16. What is the units digit of i?
2
What is the tens digit of 1*(-2 - -4)/((-4)/(-134))?
6
Suppose -1 = -2*w + 5. Suppose 2*i = -3*a + 51, w*i - 2*i + a - 23 = 0. What is the tens digit of i?
1
Suppose 3*g - 3 = 3. Suppose 2*s + 4*l = s + 11, 2*s = -g*l + 28. What is the tens digit of s?
1
What is the units digit of ((-106)/5)/(4/(-20)) + 1?
7
Suppose 17 = -2*s + 65. Suppose 2*g - g = s. What is the units digit of g?
4
What is the hundreds digit of 5/((-3)/480*-5)?
1
Let s be 1*5/(10/(-8)). Let q = s + 6. What is the units digit of (q*(-3)/(-6))/1?
1
Let h(t) = -t**3 + 5*t**2 - 3*t + 2. What is the tens digit of h(3)?
1
Let w(o) = -o**3 + 4*o**2 + 7*o - 5. Let p be w(5). Let v(s) = 4*s - 1 + 0*s - p*s. What is the units di